 What is the remainder when 5 is divided by w/(-2) - (0 + j)?
2
Let u = -36 - -44. What is the remainder when (-195)/(-9) + (-2)/(-6) is divided by u?
6
Suppose -k + 2*i = 2, -k + 3 = i + 5. Let m = k - 2. What is the remainder when 11 is divided by (-5 - -3)/(2/m)?
3
Let x = 128 + -76. Calculate the remainder when x is divided by 28.
24
Suppose -5*u = -10, 63 = 3*z + u + 2*u. What is the remainder when z is divided by 11?
8
Suppose -2*s - 6 = -f, 8*f = 4*s + 3*f + 6. Calculate the remainder when (s/6)/(5/(-60)) is divided by 3.
2
Let t = -16 - 2. Let n = t - -3. Let w = 24 + n. Calculate the remainder when 34 is divided by w.
7
Let s(q) = -q + 6. Let l be s(0). Let j be 16/l*9/6. Suppose -j*m - 12 = 0, -6*m - 23 = -g - m. Calculate the remainder when g is divided by 5.
3
Let h be 3 - (-12)/(-4 + 0). Suppose -5*v + 26 = -h*v - 4*n, -v = 5*n + 18. What is the remainder when 2 is divided by v?
0
What is the remainder when 1528/14 - 5 - 1/7 is divided by 15?
14
Suppose 2*n + 35 = 5*y - 24, n = 5*y - 57. Suppose 3*l = h + 3*h - 115, 158 = 5*h + l. Calculate the remainder when h is divided by y.
9
Suppose 0*f = -5*x + 5*f + 690, -5*x + 2*f + 681 = 0. Let j = x - 78. What is the remainder when j is divided by 20?
17
Let w = -15 + 10. Let z(f) = f**2 + 5*f - 1. Let m be z(w). Calculate the remainder when m/(-1 - 18/(-21)) is divided by 3.
1
What is the remainder when 4/6*(-1092)/(-8) is divided by 19?
15
Let q(r) = -r - 3. Let z(w) = -2*w**2 - 3*w + 4. Let n be z(-3). Calculate the remainder when 5 is divided by q(n).
1
Let k = 36 + -24. Let d(s) be the third derivative of -s**6/120 + s**5/10 - s**4/24 - s**3/3 + 2*s**2. Calculate the remainder when d(3) is divided by k.
10
Suppose f + 3*p + 6 = 0, -f + 5*p + 14 = -4. Suppose 0 = -3*z + 4*z + f. Let w(k) = -7*k + 2. Calculate the remainder when w(z) is divided by 12.
11
Let f(k) = k - 1. Let t(b) = 4*b - 6. Let z(q) = -5*f(q) + t(q). Let r be z(7). What is the remainder when 29 is divided by 183/12 + 2/r?
14
Let c = 82 + -51. Calculate the remainder when c is divided by 8.
7
Let y(i) = i**3 - 10*i**2 + 5*i - 14. Calculate the remainder when 141 is divided by y(10).
33
Let z = -106 - -314. What is the remainder when z is divided by 42?
40
Suppose 76 = 3*d + d. Suppose d = 2*t - 3. Let p = 24 - t. What is the remainder when p is divided by 5?
3
Suppose k = -4*u - 44, 0*k - k + 4*u - 12 = 0. Let b = k + 47. Calculate the remainder when b is divided by 10.
9
Let l(n) = -3*n - 1 + 0*n + n - 2*n**2 + 11*n**2. What is the remainder when l(-1) is divided by 6?
4
Suppose 0 = -5*r - 0*r + 230. What is the remainder when r is divided by 12?
10
Let u(k) = k**2 - 3*k + 4. Calculate the remainder when u(-3) is divided by 8.
6
Let k(j) = -j**2 - 7. Let s be k(5). Let b = s + 59. What is the remainder when b is divided by 15?
12
Suppose -q - h + 19 = 2*h, -2*q - 3*h + 26 = 0. Let d(n) be the second derivative of -n**3/6 + n**2 + n. What is the remainder when d(-11) is divided by q?
6
Suppose -5*x + 5*o = -95, o + 19 = 3*x - 28. What is the remainder when 52 is divided by x?
10
Let h = 0 + -3. Let w be 1*h - (-8 + 8). Calculate the remainder when 16 is divided by 9 + w + 0/(-2).
4
Suppose -5*c - t + 5*t + 79 = 0, -20 = -5*t. Suppose 0 = -0*r - 4*r. Let q = c - r. What is the remainder when q is divided by 10?
9
Let f be (0 - 0)*(-5)/10. Suppose -l + 42 = -f*l. Let k = 4 + 18. What is the remainder when l is divided by k?
20
Let n = 28 + -17. Suppose 70 = 5*b + 2*l, -5*b + 5*l + n + 59 = 0. What is the remainder when 27 is divided by b?
13
Let p(b) = b + 19. Calculate the remainder when 126 is divided by p(7).
22
Let b be (-25)/(-10)*24/10. Suppose -n = 3*t - b, -5*t - 41 = n - 5*n. What is the remainder when ((-10)/4)/((-1)/10) is divided by n?
7
Suppose -p = -10 - 27. Let g be ((-5)/(-5))/(1/5). Suppose -4*s + s + 6 = 0, 0 = g*o - 2*s - 61. Calculate the remainder when p is divided by o.
11
Suppose g + 35 = 4*t + 4*g, t + 2*g = 5. Let j = -3 + 5. What is the remainder when 39/j + (-2)/4 is divided by t?
8
Suppose 4*m + 0 = -3*l + 2, 0 = -l - m + 1. Let j(t) = -t - 1. Calculate the remainder when j(-3) is divided by l.
0
Let k(h) = 5*h. Let a be (-3 - -5) + 7*1. Let o = -7 + a. What is the remainder when k(1) is divided by o?
1
Let k(g) = -7*g - 7. What is the remainder when k(-4) is divided by 8?
5
Calculate the remainder when 37 is divided by (1 - -2)/((-54)/(-360)).
17
Let c(r) = -r**2 + 12*r - 11. What is the remainder when 81 is divided by c(8)?
18
Let w(c) = -c**2 - 7. Let u be w(0). Suppose -h = 2*h + 3*b, 2*h + 5*b = 15. Let l = h - u. What is the remainder when 4 is divided by l?
0
Suppose -c + 29 = -13. Calculate the remainder when c is divided by 9.
6
Suppose 2*t = -2*t + 216. What is the remainder when t is divided by 14?
12
Let p = -107 - -125. Suppose -3*a + 156 = -4*h, -a - 3*h = -36 - 16. Calculate the remainder when a is divided by p.
16
Suppose 0 = -2*m - 23 + 99. Let s = 41 + -28. What is the remainder when m is divided by s?
12
Let b(s) = -s**2 + 83. Let v be b(0). Suppose -4*r - z - v = 0, -5*r + 3*z + 37 - 128 = 0. Let t = -13 - r. What is the remainder when t is divided by 4?
3
Let f(z) = 3*z + 1. Let q be f(1). Let r = q - -8. Calculate the remainder when 21 is divided by r.
9
Let s(a) = 2*a + 16. Let h be s(-10). What is the remainder when (-11)/(-2) - h/(-8) is divided by 2?
1
Let h(r) = -r**2 + 27*r - 67. Calculate the remainder when h(23) is divided by (-1)/(-1 + 12/13).
12
Suppose -2*s + 5*s = 123. Suppose -5*a + s = 2*h, -13 = a - 5*a + 5*h. Calculate the remainder when 25 is divided by a.
4
Let p = -11 + -19. Let f = p + 105. Calculate the remainder when f is divided by 19.
18
Suppose -2*s + 70 = -68. Suppose -2*p - 2*q = 3*p + s, 72 = -5*p - q. What is the remainder when (-3)/(-5) - 306/p is divided by 6?
3
Let l = 5 - 3. Suppose -l*c + c = -8. Suppose 2*h + 29 = 71. What is the remainder when h is divided by c?
5
What is the remainder when (-11 + 30)/(1/1) is divided by 14?
5
What is the remainder when 10 is divided by (-8 - (-4)/2)/(-1)?
4
Let s = -132 - -225. Calculate the remainder when s is divided by 32.
29
Suppose 0 = 4*t + 5*c - 12, -5*t + 4*t = -2*c - 3. Calculate the remainder when 4 is divided by t.
1
Let i(a) = -5*a + 2. Calculate the remainder when 43 is divided by i(-4).
21
Let f = 49 - 40. What is the remainder when 15 is divided by f?
6
Let l = -74 - -110. What is the remainder when l is divided by 13?
10
Suppose -3*z + 6*z + 37 = 2*a, -18 = 2*z - 3*a. What is the remainder when 28 is divided by (1/1)/((-1)/z)?
13
Let n = -4 - -8. Suppose -n*g + 25 = -9*g. Let i = 8 + g. Calculate the remainder when 5 is divided by i.
2
Let y = -90 - -112. Calculate the remainder when 49 is divided by y.
5
Let q = 5 - 2. Let k(p) = -p**3 + 3*p**2 + 4. Let o be k(3). Let h = o + q. Calculate the remainder when h is divided by 4.
3
Suppose -2*f + 2*s = 170, 3*s = -2*f - 2*s - 163. Let r = f + 153. Calculate the remainder when r is divided by 18.
15
Let w(x) = 2*x + 21. Calculate the remainder when w(5) is divided by 16.
15
Let v be ((-3)/2)/(6/(-32)). Suppose -2*u + v = -u. What is the remainder when 31 is divided by u?
7
Suppose -362 = -2*r - 2*r + 5*d, 0 = -2*d + 4. Calculate the remainder when r is divided by 32.
29
Let c(n) = -n - 3. Let m be c(-6). Let p(g) = 9*g**2 - 4*g + 1. What is the remainder when p(m) is divided by 24?
22
Calculate the remainder when ((-4)/(-3))/((-2)/(-18)) is divided by 4.
0
Let i(q) = 4 + 4 + 0*q + q. Suppose w + 2 = 3*h + 1, -5*w = h - 27. Calculate the remainder when h is divided by i(-6).
0
Let a = -21 + 26. What is the remainder when 7 is divided by a?
2
Calculate the remainder when ((-82)/(-6))/(4/12) is divided by 7.
6
Suppose 2*j - 5*f + 72 = 287, 106 = j - 2*f. Calculate the remainder when j is divided by 35.
30
Let v = 10 + -6. Let a(q) = -8*q - 1. What is the remainder when a(-1) is divided by v?
3
Let u be 6/2 - (5 - -3). Let o(t) = -t**2 - 5*t + 2. Suppose 4*x = -x + 10. What is the remainder when o(u) is divided by x?
0
Let t be 2 + -1 + 1 + -10. Let o = t - -11. Suppose -4 = -o*n + 8. Calculate the remainder when n is divided by 2.
0
Let u(w) = -w + 15. What is the remainder when 29 is divided by u(5)?
9
Let o = 108 + -59. Suppose 6 = a -